9598?
5
What is the tens digit of 45835?
3
What is the units digit of 6132?
2
What is the units digit of 1716?
6
What is the units digit of 3946?
6
What is the units digit of 9059?
9
What is the units digit of 5785?
5
What is the hundreds digit of 1932?
9
What is the units digit of 3367?
7
What is the thousands digit of 1498?
1
What is the thousands digit of 4726?
4
What is the units digit of 2058?
8
What is the hundreds digit of 179?
1
What is the tens digit of 845?
4
What is the tens digit of 99926?
2
What is the units digit of 3804?
4
What is the units digit of 4014?
4
What is the tens digit of 39904?
0
What is the ten thousands digit of 69593?
6
What is the units digit of 2512?
2
What is the hundreds digit of 2091?
0
What is the ten thousands digit of 42336?
4
What is the tens digit of 1897?
9
What is the hundreds digit of 1539?
5
What is the tens digit of 606?
0
What is the hundreds digit of 9033?
0
What is the tens digit of 13252?
5
What is the thousands digit of 23168?
3
What is the units digit of 7154?
4
What is the units digit of 323?
3
What is the tens digit of 729?
2
What is the hundreds digit of 640?
6
What is the units digit of 2356?
6
What is the hundreds digit of 7586?
5
What is the hundreds digit of 3477?
4
What is the units digit of 980?
0
What is the thousands digit of 42328?
2
What is the units digit of 2361?
1
What is the tens digit of 1497?
9
What is the tens digit of 794?
9
What is the ten thousands digit of 28325?
2
What is the units digit of 40813?
3
What is the thousands digit of 12797?
2
What is the units digit of 924?
4
What is the thousands digit of 8353?
8
What is the thousands digit of 2808?
2
What is the hundreds digit of 683?
6
What is the hundreds digit of 6665?
6
What is the units digit of 2522?
2
What is the ten thousands digit of 41422?
4
What is the tens digit of 17154?
5
What is the units digit of 1644?
4
What is the units digit of 25262?
2
What is the ten thousands digit of 148846?
4
What is the units digit of 589?
9
What is the hundreds digit of 1422?
4
What is the hundreds digit of 1212?
2
What is the hundreds digit of 996?
9
What is the tens digit of 1450?
5
What is the hundreds digit of 3611?
6
What is the hundreds digit of 176?
1
What is the thousands digit of 30356?
0
What is the units digit of 13521?
1
What is the hundreds digit of 19384?
3
What is the hundreds digit of 806?
8
What is the tens digit of 56?
5
What is the units digit of 2021?
1
What is the units digit of 664?
4
What is the thousands digit of 14462?
4
What is the ten thousands digit of 49146?
4
What is the units digit of 53562?
2
What is the thousands digit of 52712?
2
What is the units digit of 755?
5
What is the tens digit of 284?
8
What is the units digit of 2282?
2
What is the units digit of 868?
8
What is the thousands digit of 7662?
7
What is the ten thousands digit of 32317?
3
What is the units digit of 1133?
3
What is the hundreds digit of 13410?
4
What is the hundreds digit of 42321?
3
What is the tens digit of 7005?
0
What is the tens digit of 2070?
7
What is the ten thousands digit of 22480?
2
What is the tens digit of 94854?
5
What is the ten thousands digit of 48682?
4
What is the units digit of 6340?
0
What is the units digit of 6719?
9
What is the units digit of 29577?
7
What is the units digit of 4763?
3
What is the tens digit of 48896?
9
What is the tens digit of 376?
7
What is the ten thousands digit of 65080?
6
What is the units digit of 675?
5
What is the tens digit of 5479?
7
What is the units digit of 2349?
9
What is the units digit of 54683?
3
What is the units digit of 695?
5
What is the tens digit of 3647?
4
What is the units digit of 7571?
1
What is the ten thousands digit of 87398?
8
What is the tens digit of 1727?
2
What is the units digit of 1466?
6
What is the thousands digit of 19986?
9
What is the units digit of 1456?
6
What is the hundreds digit of 40379?
3
What is the hundreds digit of 175?
1
What is the thousands digit of 37802?
7
What is the hundreds digit of 7606?
6
What is the tens digit of 8202?
0
What is the tens digit of 18009?
0
What is the hundreds digit of 10599?
5
What is the thousands digit of 1445?
1
What is the units digit of 3484?
4
What is the hundreds digit of 938?
9
What is the units digit of 7315?
5
What is the thousands digit of 19368?
9
What is the hundreds digit of 21277?
2
What is the hundreds digit of 90098?
0
What is the tens digit of 397?
9
What is the hundreds digit of 1810?
8
What is the units digit of 134490?
0
What is the ten thousands digit of 51924?
5
What is the hundreds digit of 9907?
9
What is the ten thousands digit of 11521?
1
What is the tens digit of 3716?
1
What is the hundreds digit of 164?
1
What is the thousands digit of 34304?
4
What is the units digit of 87307?
7
What is the hundreds digit of 1195?
1
What is the hundreds digit of 93478?
4
What is the tens digit of 2142?
4
What is the thousands digit of 12803?
2
What is the tens digit of 7128?
2
What is the thousands digit of 1082?
1
What is the ten thousands digit of 39755?
3
What is the units digit of 33225?
5
What is the units digit of 1930?
0
What is the tens digit of 48973?
7
What is the thousands digit of 1646?
1
What is the units digit of 999?
9
What is the tens digit of 53969?
6
What is the thousands digit of 1162?
1
What is the units digit of 17658?
8
What is the hundreds digit of 1011?
0
What is the units digit of 17?
7
What is the thousands digit of 21351?
1
What is the ten thousands digit of 36754?
3
What is the hundreds digit of 16758?
7
What is the tens digit of 69548?
4
What is the units digit of 730?
0
What is the units digit of 54?
4
What is the hundreds digit of 321?
3
What is the hundreds digit of 29333?
3
What is the tens digit of 6532?
3
What is the ten thousands digit of 28287?
2
What is the tens digit of 58099?
9
What is the thousands digit of 36077?
6
What is the hundreds digit of 13179?
1
What is the thousands digit of 3575?
3
What is the tens digit of 109851?
5
What is the tens digit of 1673?
7
What is the thousands digit of 1230?
1
What is the units digit of 400?
0
What is the units digit of 2780?
0
What is the tens digit of 8235?
3
What is the hundreds digit of 2528?
5
What is the ten thousands digit of 11843?
1
What is the hundreds digit of 27048?
0
What is the thousands digit of 1214?
1
What is the tens digit of 717?
1
What is the tens digit of 629?
2
What is the hundreds digit of 923?
9
What is the tens digit of 7648?
4
What is the hundreds digit of 107430?
4
What is the ten thousands digit of 26577?
2
What is the tens digit of 1686?
8
What is the ten thousands digit of 48221?
4
What is the hundreds digit of 50366?
3
What is the ten thousands digit of 24713?
2
What is the hundreds digit of 888?
8
What is the units digit of 1976?
6
What is the tens digit of 1156?
5
What is the units digit of 808?
8
What is the tens digit of 21021?
2
What is the hundreds digit of 114407?
4
What is the units digit of 753?
3
What is the hundreds digit of 2700?
7
What is the hundreds digit of 55830?
8
What is the hundreds digit of 4022?
0
What is the hundreds digit of 520?
5
What is the thousands digit of 1316?
1
What is the thousands digit of 2290?
2
What is the ten thousands digit of 21438?
2
What is the units digit of 1633?
3
What is the units digit of 2059?
9
What is the hundreds digit of 11736?
7
What is the thousands digit of 5904?
5
What is the thousands digit of 4713?
4
What is the units digit of 13753?
3
What is the units digit of 1810?
0
What is the hundreds digit of 5372?
3
What is the hundreds digit of 428?
4
What is the units digit of 46384?
4
What is the tens digit of 85521?
2
What is the hundreds digit of 6735?
7
What is the units digit of 4625?
5
What is the tens digit of 2876?
7
What is the thousands digit of 5079?
5
What is the hundreds digit of 10323?
3
What is the tens digit of 9144?
4
What is the thousands digit of 103668?
3
What is the hundreds digit of 7456?
4
What is the ten thousands digit of 11005?
1
What is the units digit of 73076?
6
What is the thousands digit of 26362?
6
What is the hundreds digit of 34454?
4
What is the ten thousands digit of 56996?
5
What is the tens digit of 423?
2
What is the tens digit of 179144?
4
What is the units digit of 750?
0
What is the